509
List the prime factors of 106071015.
3, 5, 19, 372179
What are the prime factors of 25911920?
2, 5, 323899
What are the prime factors of 234589978?
2, 7, 53, 467, 677
List the prime factors of 21436877.
7, 11, 199, 1399
What are the prime factors of 49485858?
2, 3, 31, 266053
What are the prime factors of 85545332?
2, 37, 67, 8627
What are the prime factors of 1111075596?
2, 3, 17, 251, 2411
What are the prime factors of 775654175?
5, 4637, 6691
What are the prime factors of 378585052?
2, 94646263
What are the prime factors of 645638261?
645638261
What are the prime factors of 49633639?
11, 97, 181, 257
List the prime factors of 106980470.
2, 5, 10698047
What are the prime factors of 15215747?
15215747
What are the prime factors of 379213917?
3, 17, 31, 239857
List the prime factors of 326212294.
2, 163106147
What are the prime factors of 45713788?
2, 23, 496889
What are the prime factors of 425694369?
3, 47, 3019109
List the prime factors of 3201224242.
2, 59, 27129019
What are the prime factors of 975045648?
2, 3, 19, 1069129
List the prime factors of 3125407499.
271, 11532869
What are the prime factors of 731681750?
2, 5, 23, 127249
What are the prime factors of 547527524?
2, 53, 2582677
List the prime factors of 32983293.
3, 7, 1570633
List the prime factors of 5775889018.
2, 20359, 141851
List the prime factors of 247611241.
5507, 44963
List the prime factors of 110107552.
2, 3440861
List the prime factors of 2586122428.
2, 191, 3384977
List the prime factors of 1883215302.
2, 3, 61, 257, 20021
What are the prime factors of 43191600?
2, 3, 5, 35993
What are the prime factors of 298131163?
11, 37, 732509
List the prime factors of 13774998.
2, 3, 17, 135049
List the prime factors of 1331982578.
2, 23, 71, 407833
List the prime factors of 94207077.
3, 251, 13901
What are the prime factors of 3294969952?
2, 67, 331, 4643
What are the prime factors of 291127787?
291127787
What are the prime factors of 1619832776?
2, 23, 233, 37783
List the prime factors of 147419288.
2, 53, 59, 71, 83
What are the prime factors of 2280544656?
2, 3, 13, 3654719
What are the prime factors of 5944665985?
5, 47, 223, 113437
What are the prime factors of 284220681?
3, 263, 360229
List the prime factors of 2130453509.
1381, 1542689
List the prime factors of 1821140386.
2, 13, 19, 43, 85733
What are the prime factors of 13181689?
29, 454541
What are the prime factors of 107131019?
193, 555083
What are the prime factors of 480657743?
480657743
What are the prime factors of 1885200690?
2, 3, 5, 37, 1698379
What are the prime factors of 8912181580?
2, 5, 1097, 406207
List the prime factors of 179247862.
2, 19, 4717049
What are the prime factors of 428997094?
2, 214498547
List the prime factors of 2681285591.
5323, 503717
List the prime factors of 455876646.
2, 3, 75979441
What are the prime factors of 1514344814?
2, 607, 1247401
What are the prime factors of 253928020?
2, 5, 461, 27541
What are the prime factors of 2049441949?
41, 61, 819449
List the prime factors of 61656240.
2, 3, 5, 256901
List the prime factors of 104250457.
1877, 55541
What are the prime factors of 151266624?
2, 3, 103, 7649
What are the prime factors of 531891065?
5, 106378213
List the prime factors of 85835841.
3, 7, 13, 229, 1373
List the prime factors of 226400673.
3, 75466891
What are the prime factors of 8291993?
1109, 7477
What are the prime factors of 3066002793?
3, 7, 761, 21317
List the prime factors of 61745659.
67, 787, 1171
List the prime factors of 4754632464.
2, 3, 43, 767867
List the prime factors of 336340393.
17, 233, 84913
What are the prime factors of 383346234?
2, 3, 21297013
What are the prime factors of 23247466?
2, 11, 17, 61, 1019
List the prime factors of 185505523.
7, 1913, 1979
What are the prime factors of 4784557982?
2, 29, 47, 181, 9697
What are the prime factors of 97054958?
2, 7, 11, 13, 48479
List the prime factors of 2395930645.
5, 827, 579427
What are the prime factors of 3214267900?
2, 5, 199, 161521
What are the prime factors of 289466083?
19, 773, 19709
What are the prime factors of 55844361?
3, 31, 200159
List the prime factors of 135879440.
2, 5, 229, 7417
What are the prime factors of 49781357?
49781357
List the prime factors of 104657613.
3, 23, 157, 9661
What are the prime factors of 16880668?
2, 7, 29, 20789
What are the prime factors of 38107532?
2, 41, 232363
List the prime factors of 46560626.
2, 7, 3325759
What are the prime factors of 3181271698?
2, 11, 79, 1830421
What are the prime factors of 522087216?
2, 3, 7, 383, 4057
What are the prime factors of 455555342?
2, 11, 23, 900307
What are the prime factors of 159545592?
2, 3, 31, 23827
List the prime factors of 2303387637.
3, 31, 24767609
List the prime factors of 185955097.
3491, 53267
What are the prime factors of 320431058?
2, 337, 475417
List the prime factors of 1884963877.
71, 26548787
List the prime factors of 244905748.
2, 23, 1493, 1783
What are the prime factors of 1491641656?
2, 186455207
List the prime factors of 19574339.
239, 81901
List the prime factors of 2118204126.
2, 3, 117678007
What are the prime factors of 190020387?
3, 19, 73, 45667
List the prime factors of 2039142474.
2, 3, 43, 2634551
What are the prime factors of 17536947?
3, 5845649
List the prime factors of 86743292.
2, 29, 67, 11161
List the prime factors of 113196932.
2, 28299233
What are the prime factors of 1173166259?
1173166259
List the prime factors of 119164824.
2, 3, 551689
What are the prime factors of 123131255?
5, 13, 17, 111431
List the prime factors of 6235941890.
2, 5, 37, 83, 251, 809
What are the prime factors of 141281247?
3, 47093749
List the prime factors of 977837837.
2383, 410339
List the prime factors of 123904899.
3, 13767211
What are the prime factors of 32215903?
32215903
What are the prime factors of 2175288111?
3, 241698679
List the prime factors of 8280463.
67, 73, 1693
What are the prime factors of 2671525707?
3, 17, 52382857
List the prime factors of 8328977474.
2, 3251, 1280987
List the prime factors of 1578655120.
2, 5, 7, 571, 4937
List the prime factors of 3338926681.
3338926681
What are the prime factors of 636085776?
2, 3, 31, 427477
List the prime factors of 354107361.
3, 353, 334379
What are the prime factors of 545044799?
13, 67, 109, 5741
List the prime factors of 179554367.
373, 481379
List the prime factors of 133674441.
3, 2903, 15349
What are the prime factors of 171784583?
67, 797, 3217
List the prime factors of 1593975259.
1593975259
What are the prime factors of 1432057858?
2, 7, 11, 823, 11299
What are the prime factors of 989038592?
2, 331, 1459
What are the prime factors of 113846237?
1063, 107099
List the prime factors of 47708468.
2, 19, 487, 1289
What are the prime factors of 74019171?
3, 859, 28723
List the prime factors of 771824747.
771824747
What are the prime factors of 235582810?
2, 5, 43, 653, 839
What are the prime factors of 13959600?
2, 3, 5, 11633
What are the prime factors of 2843838280?
2, 5, 71095957
What are the prime factors of 2017174097?
241, 2531, 3307
List the prime factors of 172210302.
2, 3, 11, 523, 1663
List the prime factors of 260096513.
101, 613, 4201
What are the prime factors of 304012700?
2, 5, 17, 178831
What are the prime factors of 1943829761?
233, 8342617
List the prime factors of 41536184.
2, 5192023
What are the prime factors of 474638406?
2, 3, 11, 7191491
List the prime factors of 529108900.
2, 5, 1889, 2801
List the prime factors of 2818070620.
2, 5, 17, 79, 104917
What are the prime factors of 3850522367?
3850522367
What are the prime factors of 20587225?
5, 823489
List the prime factors of 78428974.
2, 13, 37, 81527
What are the prime factors of 51668272?
2, 3229267
What are the prime factors of 402392416?
2, 12574763
List the prime factors of 1768414632.
2, 3, 137, 211, 2549
What are the prime factors of 107448940?
2, 5, 577, 9311
List the prime factors of 790522414.
2, 11, 67, 536311
What are the prime factors of 7224251815?
5, 11, 23, 5710871
What are the prime factors of 191482344?
2, 3, 277, 9601
What are the prime factors of 5232536?
2, 654067
List the prime factors of 1818987094.
2, 909493547
What are the prime factors of 2073425742?
2, 3, 3257, 11789
List the prime factors of 4408895846.
2, 2204447923
What ar